-723 + 4053. List the prime factors of c.
3, 5, 37
Suppose 0*f - 4*f - 4*j - 48 = 0, 5*j = 3*f + 12. Let v = 5 + f. What are the prime factors of (-16)/(-12)*(-6)/v?
2
Suppose -4 - 7 = -4*f - u, -4*f + 5*u - 7 = 0. Suppose -2*w - 3*w - 80 = -5*i, -f*i = 0. Let j = 20 + w. List the prime factors of j.
2
Suppose -4 = 4*f + 3*w + w, -w - 3 = -f. Let h(c) = 4*c. Let y be h(f). Suppose 4*b - y*o - 16 = 0, 5*b = -4*o - o. What are the prime factors of b?
2
Let k(f) = 3*f + 167. List the prime factors of k(-26).
89
Suppose -u - 7*h - 6 = -2*h, -5*h - 30 = -5*u. Suppose -u*i - 7 = 5*d + 9, 3*d = 5*i + 20. Let s = 8 + i. List the prime factors of s.
2
List the prime factors of ((-176)/4)/(-2*4/208).
2, 11, 13
Let g = 2 + 3. Suppose y - 4 = 3*f - y, g = -f - 3*y. What are the prime factors of f/9 + (-1152)/(-81)?
2, 7
Let w = -67 - 7. Let f = w - -130. List the prime factors of f.
2, 7
Let d = -39 + 44. Suppose j - 3*q - 204 = 0, -d*q + 7*q + 207 = j. What are the prime factors of j?
3, 71
Let l(q) = q**2 - q - 2. Suppose 0 = -12*f + 7*f - 30. What are the prime factors of l(f)?
2, 5
Let m(n) = 38*n**3 + 7*n**2 - 3*n - 31. What are the prime factors of m(3)?
1049
Let g be 4/8*-4 + 3. Let w be (10/(-4))/(-5)*0. Suppose w = 2*k - 33 - g. List the prime factors of k.
17
Let p(w) = -96*w + 216. List the prime factors of p(-21).
2, 3, 31
List the prime factors of 60788/22 + 2/(-22).
3, 307
What are the prime factors of -210*(414/27)/(-2)?
2, 5, 7, 23
Suppose -5*f = -3*s - 735, 0 = 2*s + 10. Suppose 0*y = -3*y + 2*q + f, 2*y = -5*q + 77. List the prime factors of y.
2, 23
Suppose -6*r = 4*c - 5*r + 5, 0 = 3*c + 2*r + 10. Let h = -3 + 8. Suppose c*n - 25 = -h*n. List the prime factors of n.
5
Let u be 23/(1/10 - 0). Let w = 32 - 26. Suppose -w*s + u = -s. What are the prime factors of s?
2, 23
Let n(x) = -2*x - 5. Let f be n(-5). Suppose -9*w + 264 = -f*w. List the prime factors of w.
2, 3, 11
Suppose -5*u + 13 - 3 = 0. List the prime factors of u/(-7) + (-2960)/(-70).
2, 3, 7
Let d be (5 - 2) + -2 - -1. Let z = 50 + -37. Suppose -d*u - 3*j + z = 0, 2 + 1 = 3*j. List the prime factors of u.
5
Let h(b) = -6*b**2 - 8*b - 19. Let j(v) = -2*v**2 - 3*v - 6. Let r(t) = -2*h(t) + 7*j(t). Let m be r(-2). What are the prime factors of 0/(0 + m) - -43?
43
Suppose 397*p - 22983 = 350*p. What are the prime factors of p?
3, 163
Let j(b) = -2*b**3 - 25*b**2 + 11*b + 8. Let o = 112 + -125. List the prime factors of j(o).
2, 17
Let z(m) = -m**3 + 4*m**2 + 4*m + 10. Let l be z(5). Suppose l*x - 2*t + 32 = 0, 4*x = -3*t - 23 + 2. Let d = x + 10. What are the prime factors of d?
2
Suppose -4*j = 149 + 171. Let i = -5 - j. Let m = i + -48. What are the prime factors of m?
3
Suppose 0 = 5*h - 15 - 10, 5*d = -3*h + 10630. List the prime factors of d.
11, 193
Suppose v = o + 15, 4*o + 4*v - 7*v + 57 = 0. Let y = -8 - o. Suppose l - y = -0. List the prime factors of l.
2
List the prime factors of 565 - (-2 + -11 + 5).
3, 191
Let m(v) = -3*v**3 + 100*v**2 - 25*v + 74. What are the prime factors of m(32)?
2, 5, 337
Suppose 2 - 17 = -5*v. Suppose -v*p + 9*p = 240. What are the prime factors of p?
2, 5
Suppose 12*k - 7*k - 20887 = -3*i, 8*i - 20882 = -5*k. What are the prime factors of k?
2, 2089
Let n(x) = -124*x + 4. Let d(o) = -124*o + 4. Let y(v) = 3*d(v) - 4*n(v). What are the prime factors of y(1)?
2, 3, 5
List the prime factors of (22050/7)/5 + 10.
2, 5
Let w(d) = -9*d + 2. Let x(u) = -8*u + 1. Let r(s) = -5*w(s) + 6*x(s). Let k be r(-2). Suppose -k = -5*v + 33. List the prime factors of v.
7
Let f be (-15 + 45)*(-2)/(-6). Suppose 3*a - 34 = -2*p, -2*a - 5*p + 31 = -f. What are the prime factors of a?
2
Let x be ((-12)/(-15))/(4/30). Let t(l) = -3 + 0 + l**2 + 2 - 7 + x*l. What are the prime factors of t(-9)?
19
Let q = -25 + 45. Let c be (3/(9/(-12)))/2. Let z = q + c. List the prime factors of z.
2, 3
Let s(r) = -4*r**2 + 157*r + 17. What are the prime factors of s(32)?
3, 5, 7
Let r = 1165 - -942. What are the prime factors of r?
7, 43
Let b = -19 - -22. Suppose b*f - f = -4. List the prime factors of ((-3 - f) + 2)*9.
3
Suppose 13 = 7*i - 50. Suppose 5*n - 35 = 5*w + 80, 3*w + i = 0. Let a = 41 - n. What are the prime factors of a?
3, 7
Let r(f) = f**3 - 4*f**2 - f + 4. Suppose 0 = 4*g - 2*g. Suppose 5*w = -g*w + 25. What are the prime factors of r(w)?
2, 3
Suppose 5412 = 2*n + 2*n. List the prime factors of n/24 + (-12)/32.
2, 7
Suppose -3*p - 4*b + 1817 = 0, -2*p + 8*b - 11*b + 1213 = 0. What are the prime factors of p?
599
Let d be (-5 - -21) + 1 + (-6 - -3). Suppose 80 = 7*v - 2*v. Let k = v + d. What are the prime factors of k?
2, 3, 5
Suppose -2*x - 3525 = -5*b, -5*b + 9*b - 2820 = x. List the prime factors of b.
3, 5, 47
Suppose -3318 = -18*l + 15*l. List the prime factors of l.
2, 7, 79
Let d(t) = 4*t + 16. Let v be d(-3). Suppose -5*b + 815 = s, -7*b - v*s = -4*b - 472. What are the prime factors of b?
2, 41
Suppose 0 = -17*c + 12*c + 1155. Suppose 3*o - 293 = -2*o - 3*g, -4*o = -g - c. List the prime factors of o.
2, 29
Suppose 2*z = -2*r + 142, -2*z - 80 = -3*z - 4*r. Suppose -z = 8*q - 10*q. What are the prime factors of q?
2, 17
Suppose -t - 3*a - a + 91 = 0, a + 455 = 5*t. List the prime factors of t.
7, 13
Suppose 0 = x - 4 - 0. Let f(r) = r**3 + 2 + 5*r**2 - 2*r**3 + 2. List the prime factors of f(x).
2, 5
Suppose -d + 99 = -2*o - 39, -2*o = -2*d + 276. What are the prime factors of d?
2, 3, 23
Let r(m) = 3*m - 16. Let y be r(7). Suppose 5*x - 5*n = -140, -3*n + 4*n + 164 = -y*x. Let d = -7 - x. What are the prime factors of d?
5
Suppose 0 = -7*y + 20 + 8. Suppose -5*b = -0*b - 15, 0 = -5*r - y*b + 107. What are the prime factors of r?
19
Suppose -4*q + 6728 = -t + 3*t, -4*q + 4*t + 6704 = 0. Suppose 10*s = 3*s + q. List the prime factors of s.
2, 3, 5
Let k(w) = -3*w + 2. Let r be k(4). Let s(t) be the first derivative of -3*t**2/2 - 7*t + 34. What are the prime factors of s(r)?
23
Let m(o) = 60*o + 1. Let c be (-4 + (-16)/(-2))/2. List the prime factors of m(c).
11
Suppose 3*s + 329 = 1331. List the prime factors of s.
2, 167
Suppose -3*l = -4*x + 1, -2*x - 2*x + 5*l + 7 = 0. What are the prime factors of x/(-6) + (-5960)/(-30)?
199
Let s = -174 - -261. List the prime factors of s.
3, 29
Let j = -182 - -734. What are the prime factors of j?
2, 3, 23
Let m(z) = z + 10. Let h be m(-13). What are the prime factors of -6 + 68 + 9/h?
59
Let z(t) = 17*t**2 + 13*t + 20. Let n(k) = -4*k**2 - 3*k - 5. Let g be 30/(-14) + (-7)/(-49). Let b(a) = g*z(a) - 9*n(a). What are the prime factors of b(-4)?
3, 11
Suppose 0 = x + 3 - 325. List the prime factors of x.
2, 7, 23
Let u = -9 + 19. Suppose u = 7*n - 81. What are the prime factors of n?
13
Let w(s) = -s. Let j(f) = 8 + 0*f - f - f + 5. Let h(y) = -j(y) + 6*w(y). What are the prime factors of h(-12)?
5, 7
Suppose -16*i = -438 - 8954. What are the prime factors of i?
587
Suppose -4*j - 3*z - 156 = 0, j = 2*z - 6*z - 52. Let a(c) = -c**2 + 5*c - 1. Let f be a(4). What are the prime factors of 1 - j/(f + -1)?
19
Let y(z) = -4*z - 28. Let i be y(-4). What are the prime factors of (-706)/i - (-9)/54?
59
Let y be 1 - -184 - (-6 + (6 - -1)). What are the prime factors of (-10)/((-3)/12 - (-30)/y)?
5, 23
Suppose -2*l + 109*s + 908 = 107*s, -3*l = -s - 1358. What are the prime factors of l?
2, 113
Suppose -97*g + 35*g = -213652. List the prime factors of g.
2, 1723
Let a be 8*-1*(-12)/6. Let k be a + -6 + 3/(-1). Suppose 2*j + 2*z - 126 = 0, -j + k*z - 2*z + 75 = 0. What are the prime factors of j?
5, 13
Suppose -5*h + 0*h + 25 = 0. Suppose -3*v - 36 = -3*j, v = -h*j - 2*v + 68. List the prime factors of j.
13
Let o(t) = 33*t**2 - 12. What are the prime factors of o(3)?
3, 5, 19
Let b(c) = -c**3 + 23*c**2 + 20*c - 32. List the prime factors of b(22).
2, 223
Let f = 39 + -3. What are the prime factors of f?
2, 3
Let z(k) = k**2 + 9*k - 26. Let g be z(-12). List the prime factors of 16 + -1 + -3*g/(-15).
17
What are the prime factors of (-1012)/(-1) + (35 - 32)?
5, 7, 29
Suppose 12*i - 4*i - 2848 = 0. Suppose u - i = -3*u. List the prime factors of u.
89
Let r = 606 - -3. List the prime factors of r.
3, 7, 29
Suppose -40 = 4*l - f, -l - 29 = -4*f - f. Let p = l - -35. Suppose 0 = 2*t + t - 2*o - 25, o = -4*t + p. List the prim